{"id":84,"date":"2014-06-06T17:16:31","date_gmt":"2014-06-06T17:16:31","guid":{"rendered":"http:\/\/afpq03.ca\/?page_id=84"},"modified":"2014-09-17T21:40:02","modified_gmt":"2014-09-18T01:40:02","slug":"enjeux-objectifs-et-plan-quinquennal","status":"publish","type":"page","link":"https:\/\/afpq03.ca\/?page_id=84","title":{"rendered":"ENJEUX, OBJECTIFS ET PLAN QUINQUENNAL"},"content":{"rendered":"<p>Les enjeux et objectifs identifi\u00e9s au PPMV pour le territoire de l&#8217;AFPQ 03 sont :<\/p>\n<p><strong>Enjeu\u00a01<\/strong>\u00a0\u00a0\u00a0\u00a0\u00a0\u00a0\u00a0\u00a0 <strong>La composition et la structure d\u2019\u00e2ges des for\u00eats<\/strong><\/p>\n<blockquote><p>Objectifs\u00a0:<\/p>\n<p>Favoriser un am\u00e9nagement forestier qui permet de diminuer l\u2019\u00e9cart entre la for\u00eat naturelle et la for\u00eat am\u00e9nag\u00e9e tout en consid\u00e9rant les informations scientifiques disponibles sur les imparcts des changements climatiques.<\/p><\/blockquote>\n<p>&nbsp;<\/p>\n<p><strong>Enjeu\u00a02<\/strong>\u00a0\u00a0\u00a0\u00a0\u00a0\u00a0\u00a0\u00a0 <strong>La qualit\u00e9 de l\u2019eau et des habitats aquatiques<\/strong><\/p>\n<blockquote><p>Objectifs\u00a0:<\/p>\n<p>Acqu\u00e9rir les connaissances n\u00e9cessaires afin de s\u2019impliquer \u00e0 la protection de la qualit\u00e9 de l\u2019eau des bassins versants du territoire priv\u00e9 et de l\u2019habitat du poisson.<\/p><\/blockquote>\n<p><strong>Enjeu\u00a03<\/strong>\u00a0\u00a0\u00a0\u00a0\u00a0\u00a0\u00a0\u00a0 <strong>Les aires prot\u00e9g\u00e9es<\/strong><\/p>\n<blockquote><p>Objectifs\u00a0:<\/p>\n<p>Favoriser la cr\u00e9ation ou le maintien d\u2019un r\u00e9seau d\u2019aires prot\u00e9g\u00e9es coh\u00e9rent avec les autres usages du milieu forestier et repr\u00e9sentatif des diff\u00e9rents \u00e9cosyst\u00e8mes du territoire.<\/p><\/blockquote>\n<p><strong>Enjeu\u00a04<\/strong>\u00a0\u00a0\u00a0\u00a0\u00a0\u00a0\u00a0\u00a0 <strong>Le potentiel de croissance des stocks ligneux<\/strong><\/p>\n<blockquote><p>Objectifs\u00a0:<\/p>\n<p>Orienter le programme d\u2019aide afin d\u2019augmenter l\u2019efficacit\u00e9 des interventions.<\/p><\/blockquote>\n<p><strong>Enjeu\u00a05<\/strong>\u00a0\u00a0\u00a0\u00a0\u00a0\u00a0\u00a0\u00a0 <strong>Les niveaux de r\u00e9colte<\/strong><\/p>\n<blockquote><p>Objectifs\u00a0:<\/p>\n<p>Favoriser l\u2019utilisation du potentiel de r\u00e9colte de produits forestiers ligneux offerts par la for\u00eat priv\u00e9e de la Capitale-Nationale et assurer une diffusion ad\u00e9quate de l\u2019information relative aux programmes d\u2019aide.<\/p><\/blockquote>\n<p><strong>Enjeu\u00a06<\/strong>\u00a0\u00a0\u00a0\u00a0\u00a0\u00a0\u00a0\u00a0<strong> Les valeurs des propri\u00e9taires forestiers<\/strong><\/p>\n<blockquote><p>Objectifs\u00a0:<\/p>\n<p>Favoriser une gestion active des multiples ressources de la for\u00eat.<\/p><\/blockquote>\n<p><strong>Enjeu\u00a07\u00a0<\/strong>\u00a0\u00a0\u00a0\u00a0\u00a0\u00a0\u00a0 <strong>Les lois et r\u00e8glements<\/strong><\/p>\n<blockquote><p>Objectifs\u00a0:<\/p>\n<p>Assurer la coh\u00e9rence entre les r\u00e8glements municipaux en place et le choix des sc\u00e9narios sylvicoles et promouvoir un environnement juridique qui stimule les propri\u00e9taires forestiers \u00e0 favoriser un am\u00e9nagement durable du territoire forestier.<\/p><\/blockquote>\n<p><strong>Enjeu\u00a08<\/strong>\u00a0\u00a0\u00a0\u00a0\u00a0\u00a0\u00a0\u00a0<strong> La rel\u00e8ve<\/strong><\/p>\n<blockquote><p>Objectifs\u00a0:<\/p>\n<p>Soutenir les travailleurs sylvicoles.<\/p><\/blockquote>\n<p><strong>Enjeu\u00a09<\/strong>\u00a0\u00a0\u00a0\u00a0\u00a0\u00a0\u00a0\u00a0 <strong>La certification foresti\u00e8re<\/strong><\/p>\n<blockquote><p>Objectifs\u00a0:<\/p>\n<p>Contribuer \u00e0 la mise en place et au maintien d\u2019une certification foresti\u00e8re.<\/p><\/blockquote>\n<p>&nbsp;<\/p>\n<p><a href=\"http:\/\/afpq03.ca\/wp-content\/uploads\/2014\/09\/plan_action.pdf\" target=\"_blank\">Consultez le document complet Enjeux, objectifs et plan quinquennal ici!<\/a><\/p>\n","protected":false},"excerpt":{"rendered":"<p>Les enjeux et objectifs identifi\u00e9s au PPMV pour le territoire de l&#8217;AFPQ 03 sont : Enjeu\u00a01\u00a0\u00a0\u00a0\u00a0\u00a0\u00a0\u00a0\u00a0 La composition et la structure d\u2019\u00e2ges des for\u00eats Objectifs\u00a0: Favoriser un am\u00e9nagement forestier qui permet de diminuer l\u2019\u00e9cart entre la for\u00eat naturelle et la for\u00eat am\u00e9nag\u00e9e tout en consid\u00e9rant les informations scientifiques disponibles sur les imparcts des changements climatiques. [&hellip;]<\/p>\n","protected":false},"author":1,"featured_media":0,"parent":27,"menu_order":0,"comment_status":"closed","ping_status":"closed","template":"","meta":{"jetpack_post_was_ever_published":false,"footnotes":""},"class_list":["post-84","page","type-page","status-publish","hentry","post"],"jetpack_shortlink":"https:\/\/wp.me\/P4Oj1E-1m","jetpack_sharing_enabled":true,"_links":{"self":[{"href":"https:\/\/afpq03.ca\/index.php?rest_route=\/wp\/v2\/pages\/84","targetHints":{"allow":["GET"]}}],"collection":[{"href":"https:\/\/afpq03.ca\/index.php?rest_route=\/wp\/v2\/pages"}],"about":[{"href":"https:\/\/afpq03.ca\/index.php?rest_route=\/wp\/v2\/types\/page"}],"author":[{"embeddable":true,"href":"https:\/\/afpq03.ca\/index.php?rest_route=\/wp\/v2\/users\/1"}],"replies":[{"embeddable":true,"href":"https:\/\/afpq03.ca\/index.php?rest_route=%2Fwp%2Fv2%2Fcomments&post=84"}],"version-history":[{"count":19,"href":"https:\/\/afpq03.ca\/index.php?rest_route=\/wp\/v2\/pages\/84\/revisions"}],"predecessor-version":[{"id":1003,"href":"https:\/\/afpq03.ca\/index.php?rest_route=\/wp\/v2\/pages\/84\/revisions\/1003"}],"up":[{"embeddable":true,"href":"https:\/\/afpq03.ca\/index.php?rest_route=\/wp\/v2\/pages\/27"}],"wp:attachment":[{"href":"https:\/\/afpq03.ca\/index.php?rest_route=%2Fwp%2Fv2%2Fmedia&parent=84"}],"curies":[{"name":"wp","href":"https:\/\/api.w.org\/{rel}","templated":true}]}}

<p>Les enjeux et objectifs identifiés au PPMV pour le territoire de l&#8217;AFPQ 03 sont :</p>
<p><strong>Enjeu 1</strong>         <strong>La composition et la structure d’âges des forêts</strong></p>
<blockquote><p>Objectifs :</p>
<p>Favoriser un aménagement forestier qui permet de diminuer l’écart entre la forêt naturelle et la forêt aménagée tout en considérant les informations scientifiques disponibles sur les imparcts des changements climatiques.</p></blockquote>
<p>&nbsp;</p>
<p><strong>Enjeu 2</strong>         <strong>La qualité de l’eau et des habitats aquatiques</strong></p>
<blockquote><p>Objectifs :</p>
<p>Acquérir les connaissances nécessaires afin de s’impliquer à la protection de la qualité de l’eau des bassins versants du territoire privé et de l’habitat du poisson.</p></blockquote>
<p><strong>Enjeu 3</strong>         <strong>Les aires protégées</strong></p>
<blockquote><p>Objectifs :</p>
<p>Favoriser la création ou le maintien d’un réseau d’aires protégées cohérent avec les autres usages du milieu forestier et représentatif des différents écosystèmes du territoire.</p></blockquote>
<p><strong>Enjeu 4</strong>         <strong>Le potentiel de croissance des stocks ligneux</strong></p>
<blockquote><p>Objectifs :</p>
<p>Orienter le programme d’aide afin d’augmenter l’efficacité des interventions.</p></blockquote>
<p><strong>Enjeu 5</strong>         <strong>Les niveaux de récolte</strong></p>
<blockquote><p>Objectifs :</p>
<p>Favoriser l’utilisation du potentiel de récolte de produits forestiers ligneux offerts par la forêt privée de la Capitale-Nationale et assurer une diffusion adéquate de l’information relative aux programmes d’aide.</p></blockquote>
<p><strong>Enjeu 6</strong>        <strong> Les valeurs des propriétaires forestiers</strong></p>
<blockquote><p>Objectifs :</p>
<p>Favoriser une gestion active des multiples ressources de la forêt.</p></blockquote>
<p><strong>Enjeu 7 </strong>        <strong>Les lois et règlements</strong></p>
<blockquote><p>Objectifs :</p>
<p>Assurer la cohérence entre les règlements municipaux en place et le choix des scénarios sylvicoles et promouvoir un environnement juridique qui stimule les propriétaires forestiers à favoriser un aménagement durable du territoire forestier.</p></blockquote>
<p><strong>Enjeu 8</strong>        <strong> La relève</strong></p>
<blockquote><p>Objectifs :</p>
<p>Soutenir les travailleurs sylvicoles.</p></blockquote>
<p><strong>Enjeu 9</strong>         <strong>La certification forestière</strong></p>
<blockquote><p>Objectifs :</p>
<p>Contribuer à la mise en place et au maintien d’une certification forestière.</p></blockquote>
<p>&nbsp;</p>
<p><a href="http://afpq03.ca/wp-content/uploads/2014/09/plan_action.pdf" target="_blank">Consultez le document complet Enjeux, objectifs et plan quinquennal ici!</a></p>

<p>Les enjeux et objectifs identifiés au PPMV pour le territoire de l&#8217;AFPQ 03 sont : Enjeu 1         La composition et la structure d’âges des forêts Objectifs : Favoriser un aménagement forestier qui permet de diminuer l’écart entre la forêt naturelle et la forêt aménagée tout en considérant les informations scientifiques disponibles sur les imparcts des changements climatiques. [&hellip;]</p>
