{"id":73,"date":"2014-06-06T17:10:34","date_gmt":"2014-06-06T17:10:34","guid":{"rendered":"http:\/\/afpq03.ca\/?page_id=73"},"modified":"2018-11-27T14:25:27","modified_gmt":"2018-11-27T19:25:27","slug":"statut-de-producteur-forestier","status":"publish","type":"page","link":"https:\/\/afpq03.ca\/?page_id=73","title":{"rendered":"STATUT DE PRODUCTEUR FORESTIER"},"content":{"rendered":"<h2 align=\"left\">L&#8217;enregistrement des producteurs forestiers<\/h2>\n<p align=\"left\">Rappelons d\u2019abord que l\u2019enregistrement des producteurs forestiers est un m\u00e9canisme qui permet aux propri\u00e9taires forestiers d\u2019\u00eatre reconnus comme \u00ab producteurs forestiers \u00bb. Cette reconnaissance permet d\u2019avoir acc\u00e8s \u00e0 l\u2019aide financi\u00e8re des agences de mise en valeur des for\u00eats priv\u00e9es pour r\u00e9aliser une vaste gamme de travaux d\u2019am\u00e9nagement. Cela permet aussi d\u2019avoir acc\u00e8s au remboursement de 85 % des taxes fonci\u00e8res pay\u00e9es sur les propri\u00e9t\u00e9s foresti\u00e8res enregistr\u00e9es.<\/p>\n<p align=\"left\">Avant le 1er\u00a0avril 2000, les op\u00e9rations reli\u00e9es \u00e0 la gestion des enregistrements \u00e9taient trait\u00e9es par le bureau local du minist\u00e8re des Ressources naturelles (unit\u00e9 de gestion du MRN). Depuis cette date, les demandes achemin\u00e9es au MRN sont retourn\u00e9es aux requ\u00e9rants avec un nouveau formulaire, un d\u00e9pliant explicatif et la liste des bureaux d\u2019enregistrement d\u00e9sign\u00e9s. Les requ\u00e9rants peuvent alors s\u2019adresser au bureau d\u2019enregistrement de leur choix.<\/p>\n<p align=\"left\">Les t\u00e2ches du bureau d\u2019enregistrement sont\u00a0:<\/p>\n<ul>\n<li>L\u2019accueil et les renseignements g\u00e9n\u00e9raux;<\/li>\n<li>L\u2019accueil et les renseignements \u00e0 un producteur forestier concernant son dossier;<\/li>\n<li>L\u2019analyse des demandes, leur approbation ou leur refus;<\/li>\n<li>La saisie des donn\u00e9es dans le registre des producteurs forestiers reconnus;<\/li>\n<li>L\u2019\u00e9mission des documents tels les certificats ou les avis de refus.<\/li>\n<\/ul>\n<p align=\"left\">Le co\u00fbt de ces op\u00e9rations, auparavant inclus au budget du MRN, est dor\u00e9navant assum\u00e9 par les producteurs forestiers reconnus. C\u2019est ce qu\u2019a d\u00e9cr\u00e9t\u00e9 le gouvernement du Qu\u00e9bec, le 1er\u00a0avril 2000, par le \u00ab R\u00e8glement sur les droits exigibles des producteurs forestiers reconnus \u00bb. Toute demande doit donc comprendre un ch\u00e8que fait par le requ\u00e9rant au nom du bureau d\u2019enregistrement avec lequel il fera affaire.<\/p>\n<p align=\"left\">Des droits de 22,00 $ seront exig\u00e9s pour\u00a0:<\/p>\n<ul>\n<li>La d\u00e9livrance ou le renouvellement d\u2019un certificat de producteur forestier reconnu;<\/li>\n<li>Une demande de modification au certificat concernant l\u2019enregistrement de superficie \u00e0 vocation foresti\u00e8re suppl\u00e9mentaire.<\/li>\n<\/ul>\n<p align=\"left\">Des droits de 11,10 $ seront exig\u00e9s pour\u00a0:<\/p>\n<ul>\n<li>La d\u00e9livrance \u00e0 un producteur d\u2019un duplicata ou d\u2019une copie de son certificat de producteur forestier;<\/li>\n<li>Toute demande de modification aux mentions suivantes apparaissant \u00e0 son certificat :\n<ul>\n<li>La d\u00e9signation cadastrale de la superficie \u00e0 vocation foresti\u00e8re enregistr\u00e9e;<\/li>\n<li>La superficie enregistr\u00e9e;<\/li>\n<li>La mention indiquant que le producteur a sign\u00e9 une convention avec un organisme de gestion en commun (OGC);<\/li>\n<li>La date d\u2019expiration du plan d\u2019am\u00e9nagement forestier;<\/li>\n<li>L\u2019unit\u00e9 d\u2019\u00e9valuation;<\/li>\n<li>Le nom du bureau responsable de l\u2019enregistrement.<\/li>\n<\/ul>\n<\/li>\n<\/ul>\n<p align=\"left\">Pour devenir producteur forestier reconnu, toute personne ou organisme doit poss\u00e9der une superficie \u00e0 vocation foresti\u00e8re d\u2019au moins 4 hectares d\u2019un seul tenant, dot\u00e9 d\u2019un plan d\u2019am\u00e9nagement forestier certifi\u00e9, par un ing\u00e9nieur forestier, conforme aux r\u00e8glements de l\u2019agence r\u00e9gionale de mise en valeur des for\u00eats priv\u00e9es. Un certificat de producteur forestier est valide pour une p\u00e9riode maximale de 5 ans.<\/p>\n<p align=\"left\">Pour en savoir davantage sur le sujet, s\u00e9lectionnez<a href=\"http:\/\/www.mffp.gouv.qc.ca\/forets\/privees\/privees-producteur.jsp\" target=\"_blank\" rel=\"noopener\">\u00a0statut de producteur forestier<\/a>.<\/p>\n","protected":false},"excerpt":{"rendered":"<p>L&#8217;enregistrement des producteurs forestiers Rappelons d\u2019abord que l\u2019enregistrement des producteurs forestiers est un m\u00e9canisme qui permet aux propri\u00e9taires forestiers d\u2019\u00eatre reconnus comme \u00ab producteurs forestiers \u00bb. Cette reconnaissance permet d\u2019avoir acc\u00e8s \u00e0 l\u2019aide financi\u00e8re des agences de mise en valeur des for\u00eats priv\u00e9es pour r\u00e9aliser une vaste gamme de travaux d\u2019am\u00e9nagement. Cela permet aussi d\u2019avoir [&hellip;]<\/p>\n","protected":false},"author":1,"featured_media":0,"parent":25,"menu_order":0,"comment_status":"closed","ping_status":"closed","template":"","meta":{"jetpack_post_was_ever_published":false,"footnotes":""},"class_list":["post-73","page","type-page","status-publish","hentry","post"],"jetpack_shortlink":"https:\/\/wp.me\/P4Oj1E-1b","jetpack_sharing_enabled":true,"_links":{"self":[{"href":"https:\/\/afpq03.ca\/index.php?rest_route=\/wp\/v2\/pages\/73","targetHints":{"allow":["GET"]}}],"collection":[{"href":"https:\/\/afpq03.ca\/index.php?rest_route=\/wp\/v2\/pages"}],"about":[{"href":"https:\/\/afpq03.ca\/index.php?rest_route=\/wp\/v2\/types\/page"}],"author":[{"embeddable":true,"href":"https:\/\/afpq03.ca\/index.php?rest_route=\/wp\/v2\/users\/1"}],"replies":[{"embeddable":true,"href":"https:\/\/afpq03.ca\/index.php?rest_route=%2Fwp%2Fv2%2Fcomments&post=73"}],"version-history":[{"count":11,"href":"https:\/\/afpq03.ca\/index.php?rest_route=\/wp\/v2\/pages\/73\/revisions"}],"predecessor-version":[{"id":1111,"href":"https:\/\/afpq03.ca\/index.php?rest_route=\/wp\/v2\/pages\/73\/revisions\/1111"}],"up":[{"embeddable":true,"href":"https:\/\/afpq03.ca\/index.php?rest_route=\/wp\/v2\/pages\/25"}],"wp:attachment":[{"href":"https:\/\/afpq03.ca\/index.php?rest_route=%2Fwp%2Fv2%2Fmedia&parent=73"}],"curies":[{"name":"wp","href":"https:\/\/api.w.org\/{rel}","templated":true}]}}