{"id":418,"date":"2014-06-17T13:47:07","date_gmt":"2014-06-17T13:47:07","guid":{"rendered":"http:\/\/afpq03.ca\/?page_id=418"},"modified":"2014-06-17T17:24:13","modified_gmt":"2014-06-17T17:24:13","slug":"aires-didentification-de-la-production-ligneuse","status":"publish","type":"page","link":"https:\/\/afpq03.ca\/?page_id=418","title":{"rendered":"IDENTIFICATION DES AIRES D&#8217;INTENSIFICATION DE LA PRODUCTION LIGNEUSE"},"content":{"rendered":"<p>Dans le cadre du projet <em>Identification des superficies potentielles pour l&#8217;intensification des pratiques sylvicoles en for\u00eat priv\u00e9e<\/em>, r\u00e9alis\u00e9 en 2012-2013, l\u2019Agence a acquis des connaissances fondamentales \u00e0 propos des potentiels de croissance du territoire forestier priv\u00e9 de la Capitale-Nationale. L\u2019objectif de ce projet \u00e9tait d\u2019identifier des superficies potentielles pour l\u2019intensification des pratiques sylvicoles.<\/p>\n<p>Les potentiels de croissance ont \u00e9t\u00e9 d\u00e9termin\u00e9s pour\u00a0les essences suivantes:<\/p>\n<ul>\n<li>\u00c9rable \u00e0 sucre<\/li>\n<li>Bouleau jaune<\/li>\n<li>Ch\u00eane rouge<\/li>\n<li>Pin Blanc<\/li>\n<li>Pin rouge<\/li>\n<li>\u00c9pinette blanche<\/li>\n<li>\u00c9pinette rouge<\/li>\n<\/ul>\n<p>Le rapport issu de ce a pour but d&#8217;aider\u00a0l\u2019Agence \u00e0 diriger les investissements selon un gradient d\u2019intensit\u00e9 justifi\u00e9 par le potentiel de croissance.<\/p>\n<p><a href=\"http:\/\/afpq03.ca\/wp-content\/uploads\/2014\/06\/Rapport_final_CERFO_2013-13_projet-12-0671-1.pdf\" target=\"_blank\">T\u00e9l\u00e9charger le rapport complet<\/a><\/p>\n<p>N.B.: Un fichier de type ?<em>Shapefile?\u00a0<\/em>est \u00e0 la disposition des diff\u00e9rents conseillers forestiers et pour les diff\u00e9rents intervenants du territoire de l\u2019Agence.<\/p>\n","protected":false},"excerpt":{"rendered":"<p>Dans le cadre du projet Identification des superficies potentielles pour l&#8217;intensification des pratiques sylvicoles en for\u00eat priv\u00e9e, r\u00e9alis\u00e9 en 2012-2013, l\u2019Agence a acquis des connaissances fondamentales \u00e0 propos des potentiels de croissance du territoire forestier priv\u00e9 de la Capitale-Nationale. L\u2019objectif de ce projet \u00e9tait d\u2019identifier des superficies potentielles pour l\u2019intensification des pratiques sylvicoles. Les potentiels [&hellip;]<\/p>\n","protected":false},"author":1,"featured_media":0,"parent":421,"menu_order":0,"comment_status":"closed","ping_status":"closed","template":"","meta":{"jetpack_post_was_ever_published":false,"footnotes":""},"class_list":["post-418","page","type-page","status-publish","hentry","post"],"jetpack_shortlink":"https:\/\/wp.me\/P4Oj1E-6K","jetpack_sharing_enabled":true,"_links":{"self":[{"href":"https:\/\/afpq03.ca\/index.php?rest_route=\/wp\/v2\/pages\/418","targetHints":{"allow":["GET"]}}],"collection":[{"href":"https:\/\/afpq03.ca\/index.php?rest_route=\/wp\/v2\/pages"}],"about":[{"href":"https:\/\/afpq03.ca\/index.php?rest_route=\/wp\/v2\/types\/page"}],"author":[{"embeddable":true,"href":"https:\/\/afpq03.ca\/index.php?rest_route=\/wp\/v2\/users\/1"}],"replies":[{"embeddable":true,"href":"https:\/\/afpq03.ca\/index.php?rest_route=%2Fwp%2Fv2%2Fcomments&post=418"}],"version-history":[{"count":5,"href":"https:\/\/afpq03.ca\/index.php?rest_route=\/wp\/v2\/pages\/418\/revisions"}],"predecessor-version":[{"id":441,"href":"https:\/\/afpq03.ca\/index.php?rest_route=\/wp\/v2\/pages\/418\/revisions\/441"}],"up":[{"embeddable":true,"href":"https:\/\/afpq03.ca\/index.php?rest_route=\/wp\/v2\/pages\/421"}],"wp:attachment":[{"href":"https:\/\/afpq03.ca\/index.php?rest_route=%2Fwp%2Fv2%2Fmedia&parent=418"}],"curies":[{"name":"wp","href":"https:\/\/api.w.org\/{rel}","templated":true}]}}

<p>Dans le cadre du projet <em>Identification des superficies potentielles pour l&#8217;intensification des pratiques sylvicoles en forêt privée</em>, réalisé en 2012-2013, l’Agence a acquis des connaissances fondamentales à propos des potentiels de croissance du territoire forestier privé de la Capitale-Nationale. L’objectif de ce projet était d’identifier des superficies potentielles pour l’intensification des pratiques sylvicoles.</p>
<p>Les potentiels de croissance ont été déterminés pour les essences suivantes:</p>
<ul>
<li>Érable à sucre</li>
<li>Bouleau jaune</li>
<li>Chêne rouge</li>
<li>Pin Blanc</li>
<li>Pin rouge</li>
<li>Épinette blanche</li>
<li>Épinette rouge</li>
</ul>
<p>Le rapport issu de ce a pour but d&#8217;aider l’Agence à diriger les investissements selon un gradient d’intensité justifié par le potentiel de croissance.</p>
<p><a href="http://afpq03.ca/wp-content/uploads/2014/06/Rapport_final_CERFO_2013-13_projet-12-0671-1.pdf" target="_blank">Télécharger le rapport complet</a></p>
<p>N.B.: Un fichier de type ?<em>Shapefile? </em>est à la disposition des différents conseillers forestiers et pour les différents intervenants du territoire de l’Agence.</p>

<p>Dans le cadre du projet Identification des superficies potentielles pour l&#8217;intensification des pratiques sylvicoles en forêt privée, réalisé en 2012-2013, l’Agence a acquis des connaissances fondamentales à propos des potentiels de croissance du territoire forestier privé de la Capitale-Nationale. L’objectif de ce projet était d’identifier des superficies potentielles pour l’intensification des pratiques sylvicoles. Les potentiels [&hellip;]</p>
