{"id":71,"date":"2014-06-06T17:09:53","date_gmt":"2014-06-06T17:09:53","guid":{"rendered":"http:\/\/afpq03.ca\/?page_id=71"},"modified":"2025-09-15T08:15:13","modified_gmt":"2025-09-15T12:15:13","slug":"grille-des-taux-daide-financiere","status":"publish","type":"page","link":"http:\/\/afpq03.ca\/?page_id=71","title":{"rendered":"GRILLE DES TAUX D&#8217;AIDE FINANCI\u00c8RE"},"content":{"rendered":"<p>Cliquez sur les liens suivants pour consulter les documents d\u00e9sir\u00e9s.<\/p>\n<ul>\n<li>Grille annuelle des taux d&#8217;investissement en for\u00eat priv\u00e9e &#8211; <a href=\"http:\/\/afpq03.ca\/wp-content\/uploads\/2025\/09\/grille-annuelle-taux-investissement-foret-privee-2025-2026.pdf\">Ann\u00e9e financi\u00e8re 2025-2026<\/a><\/li>\n<li>Grille annuelle des taux d&#8217;investissement en for\u00eat priv\u00e9e &#8211; <a href=\"http:\/\/afpq03.ca\/wp-content\/uploads\/2024\/04\/grille-annuelle-taux-investissement-foret-privee-2024-2025.pdf\">Ann\u00e9e financi\u00e8re 2024-2025<\/a><\/li>\n<li>Grille annuelle des taux d&#8217;investissement en for\u00eat priv\u00e9e &#8211; <a href=\"http:\/\/afpq03.ca\/wp-content\/uploads\/2023\/09\/grille-annuelle-taux-investissement-foret-privee-2023-2024.pdf\">Ann\u00e9e financi\u00e8re 2023-2024<\/a><\/li>\n<li>Grille annuelle des taux d&#8217;investissement en for\u00eat priv\u00e9e &#8211; <a href=\"http:\/\/afpq03.ca\/wp-content\/uploads\/2022\/07\/grille-annuelle-taux-investissement-foret-privee-2022-2023.pdf\">Ann\u00e9e financi\u00e8re 2022-2023<\/a><\/li>\n<li>Grille annuelle des taux d&#8217;investissement en for\u00eat priv\u00e9e &#8211; <a href=\"http:\/\/afpq03.ca\/wp-content\/uploads\/2021\/07\/grille-annuelle-taux-investissement-foret-privee-2021-2022.pdf\">Ann\u00e9e financi\u00e8re 2021-2022<\/a><\/li>\n<li>Grille annuelle des taux d&#8217;investissement en for\u00eat priv\u00e9e &#8211; <a href=\"http:\/\/afpq03.ca\/wp-content\/uploads\/2021\/07\/Grille-annuelle-des-taux-dinvestissement-en-foret-privee-2020-2021.pdf\">Ann\u00e9e financi\u00e8re 2020-2021<\/a><\/li>\n<\/ul>\n\n\n<p><\/p>\n","protected":false},"excerpt":{"rendered":"<p>Cliquez sur les liens suivants pour consulter les documents d\u00e9sir\u00e9s. Grille annuelle des taux d&#8217;investissement en for\u00eat priv\u00e9e &#8211; Ann\u00e9e financi\u00e8re 2025-2026 Grille annuelle des taux d&#8217;investissement en for\u00eat priv\u00e9e &#8211; Ann\u00e9e financi\u00e8re 2024-2025 Grille annuelle des taux d&#8217;investissement en for\u00eat priv\u00e9e &#8211; Ann\u00e9e financi\u00e8re 2023-2024 Grille annuelle des taux d&#8217;investissement en for\u00eat priv\u00e9e &#8211; [&hellip;]<\/p>\n","protected":false},"author":1,"featured_media":0,"parent":25,"menu_order":0,"comment_status":"closed","ping_status":"closed","template":"","meta":{"jetpack_post_was_ever_published":false,"footnotes":""},"class_list":["post-71","page","type-page","status-publish","hentry","post"],"jetpack_shortlink":"https:\/\/wp.me\/P4Oj1E-19","jetpack_sharing_enabled":true,"_links":{"self":[{"href":"http:\/\/afpq03.ca\/index.php?rest_route=\/wp\/v2\/pages\/71","targetHints":{"allow":["GET"]}}],"collection":[{"href":"http:\/\/afpq03.ca\/index.php?rest_route=\/wp\/v2\/pages"}],"about":[{"href":"http:\/\/afpq03.ca\/index.php?rest_route=\/wp\/v2\/types\/page"}],"author":[{"embeddable":true,"href":"http:\/\/afpq03.ca\/index.php?rest_route=\/wp\/v2\/users\/1"}],"replies":[{"embeddable":true,"href":"http:\/\/afpq03.ca\/index.php?rest_route=%2Fwp%2Fv2%2Fcomments&post=71"}],"version-history":[{"count":23,"href":"http:\/\/afpq03.ca\/index.php?rest_route=\/wp\/v2\/pages\/71\/revisions"}],"predecessor-version":[{"id":2228,"href":"http:\/\/afpq03.ca\/index.php?rest_route=\/wp\/v2\/pages\/71\/revisions\/2228"}],"up":[{"embeddable":true,"href":"http:\/\/afpq03.ca\/index.php?rest_route=\/wp\/v2\/pages\/25"}],"wp:attachment":[{"href":"http:\/\/afpq03.ca\/index.php?rest_route=%2Fwp%2Fv2%2Fmedia&parent=71"}],"curies":[{"name":"wp","href":"https:\/\/api.w.org\/{rel}","templated":true}]}}