{"id":421,"date":"2014-06-17T14:30:56","date_gmt":"2014-06-17T14:30:56","guid":{"rendered":"http:\/\/afpq03.ca\/?page_id=421"},"modified":"2014-10-15T20:28:56","modified_gmt":"2014-10-16T00:28:56","slug":"information-et-developpement","status":"publish","type":"page","link":"http:\/\/afpq03.ca\/?page_id=421","title":{"rendered":"D\u00c9VELOPPEMENT FORESTIER"},"content":{"rendered":"<p>Cette section du site web a \u00e9t\u00e9 ins\u00e9r\u00e9e afin de pr\u00e9senter les r\u00e9cents projets forestiers r\u00e9alis\u00e9s \u00a0par l&#8217;Agence de mise en valeur des for\u00eats priv\u00e9es de Qu\u00e9bec.<\/p>\n<p>&nbsp;<\/p>\n<p>En 2014,\u00a0l&#8217;Agence a r\u00e9alis\u00e9, en collaboration avec le Centre d&#8217;enseignement et de recherche en foresterie de Sainte-Foy (CERFO), le projet :<\/p>\n<p><a href=\"http:\/\/afpq03.ca\/?page_id=105\">Guide sylvicole de l&#8217;AFPQ 03<\/a><\/p>\n<p>Partenaire financier \u00e0 ce projet :<\/p>\n<p><a href=\"http:\/\/www.crecn.qc.ca\/\" target=\"_blank\"><img loading=\"lazy\" decoding=\"async\" class=\"alignnone size-full wp-image-443\" src=\"http:\/\/afpq03.ca\/wp-content\/uploads\/2014\/06\/logo-crecn-coul-61.jpg\" alt=\"logo-crecn-coul-61\" width=\"150\" height=\"99\" \/><\/a><\/p>\n<p>En 2012-2013, l&#8217;Agence et le Centre d&#8217;enseignement et de recherche en foresterie de Sainte-Foy (CERFO) ont r\u00e9alis\u00e9 le projet :<\/p>\n<p><a href=\"http:\/\/afpq03.ca\/?page_id=418\"><em>Identification des superficies potentielles pour l\u2019intensification des pratiques sylvicoles en for\u00eat priv\u00e9e<\/em><\/a><\/p>\n<p>Partenaire financier \u00e0 ce projet :<\/p>\n<p><a href=\"http:\/\/www.crecn.qc.ca\/\" target=\"_blank\"><img loading=\"lazy\" decoding=\"async\" class=\"alignnone size-full wp-image-443\" src=\"http:\/\/afpq03.ca\/wp-content\/uploads\/2014\/06\/logo-crecn-coul-61.jpg\" alt=\"logo-crecn-coul-61\" width=\"150\" height=\"99\" \/><\/a><\/p>\n<p>&nbsp;<\/p>\n","protected":false},"excerpt":{"rendered":"<p>Cette section du site web a \u00e9t\u00e9 ins\u00e9r\u00e9e afin de pr\u00e9senter les r\u00e9cents projets forestiers r\u00e9alis\u00e9s \u00a0par l&#8217;Agence de mise en valeur des for\u00eats priv\u00e9es de Qu\u00e9bec. &nbsp; En 2014,\u00a0l&#8217;Agence a r\u00e9alis\u00e9, en collaboration avec le Centre d&#8217;enseignement et de recherche en foresterie de Sainte-Foy (CERFO), le projet : Guide sylvicole de l&#8217;AFPQ 03 Partenaire [&hellip;]<\/p>\n","protected":false},"author":1,"featured_media":0,"parent":29,"menu_order":0,"comment_status":"closed","ping_status":"closed","template":"","meta":{"jetpack_post_was_ever_published":false,"footnotes":""},"class_list":["post-421","page","type-page","status-publish","hentry","post"],"jetpack_shortlink":"https:\/\/wp.me\/P4Oj1E-6N","jetpack_sharing_enabled":true,"_links":{"self":[{"href":"http:\/\/afpq03.ca\/index.php?rest_route=\/wp\/v2\/pages\/421","targetHints":{"allow":["GET"]}}],"collection":[{"href":"http:\/\/afpq03.ca\/index.php?rest_route=\/wp\/v2\/pages"}],"about":[{"href":"http:\/\/afpq03.ca\/index.php?rest_route=\/wp\/v2\/types\/page"}],"author":[{"embeddable":true,"href":"http:\/\/afpq03.ca\/index.php?rest_route=\/wp\/v2\/users\/1"}],"replies":[{"embeddable":true,"href":"http:\/\/afpq03.ca\/index.php?rest_route=%2Fwp%2Fv2%2Fcomments&post=421"}],"version-history":[{"count":15,"href":"http:\/\/afpq03.ca\/index.php?rest_route=\/wp\/v2\/pages\/421\/revisions"}],"predecessor-version":[{"id":1011,"href":"http:\/\/afpq03.ca\/index.php?rest_route=\/wp\/v2\/pages\/421\/revisions\/1011"}],"up":[{"embeddable":true,"href":"http:\/\/afpq03.ca\/index.php?rest_route=\/wp\/v2\/pages\/29"}],"wp:attachment":[{"href":"http:\/\/afpq03.ca\/index.php?rest_route=%2Fwp%2Fv2%2Fmedia&parent=421"}],"curies":[{"name":"wp","href":"https:\/\/api.w.org\/{rel}","templated":true}]}}