{"id":1943,"date":"2024-07-02T11:56:50","date_gmt":"2024-07-02T15:56:50","guid":{"rendered":"https:\/\/afpq03.ca\/?page_id=1943"},"modified":"2024-07-02T13:31:29","modified_gmt":"2024-07-02T17:31:29","slug":"videos-2","status":"publish","type":"page","link":"http:\/\/afpq03.ca\/?page_id=1943","title":{"rendered":"VID\u00c9OS"},"content":{"rendered":"<p>L&#8217;Agence des for\u00eats priv\u00e9es de Qu\u00e9bec s&#8217;est associ\u00e9e avec le webmagazine <em><strong>&#8220;Le go\u00fbt du territoire&#8221;<\/strong><\/em>, le <em><strong>&#8220;Syndicat des propri\u00e9taires forestiers de la r\u00e9gion de Qu\u00e9bec&#8221;<\/strong><\/em> ainsi que la microbrasserie <strong><em>&#8220;La Souche&#8221;<\/em><\/strong> afin de produire des web capsules autour des th\u00e8mes de la foresterie.<\/p>\n<p>Ces capsules vid\u00e9o portent, en autres, sur l&#8217;am\u00e9nagement forestier, le sciage artisanal, la construction en bois rond, l&#8217;acceptabilit\u00e9 sociale des coupes de bois dans les zones plus habit\u00e9s, les grandes cultures (portraits de grands producteurs) et d\u2019initiatives originales en agroforesterie dans la MRC de la Jacques-Cartier (les r\u00e9coltes sauvages et la transformation alimentaire dans la MRC).<\/p>\n<p>Depuis le d\u00e9but de ce partenariat, 18 capsules vid\u00e9o ont \u00e9t\u00e9s produites sur 3 saisons de diffusion.<\/p>\n<p>Nous tenons \u00e0 remercier tous les participants de ce beau projet ainsi qu&#8217;aux personnes ayant consacr\u00e9es leurs temps pour transmettre leurs passions li\u00e9es au monde forestier !<\/p>\n<p>Cliquez sur les liens ci-dessous pour visionner les capsules par saison.\u00a0<\/p>\n\n\n<div class=\"wp-block-buttons is-layout-flex wp-block-buttons-is-layout-flex\">\n<div class=\"wp-block-button has-custom-font-size has-medium-font-size\"><a class=\"wp-block-button__link has-white-color has-text-color has-background has-link-color wp-element-button\" href=\"https:\/\/afpq03.ca\/?page_id=1936\" style=\"border-radius:64px;background-color:#348f4a\"><strong>SAISON 1<\/strong><\/a><\/div>\n\n\n\n<div class=\"wp-block-button has-custom-font-size has-medium-font-size\"><a class=\"wp-block-button__link has-white-color has-text-color has-background has-link-color wp-element-button\" href=\"https:\/\/afpq03.ca\/?page_id=1931\" style=\"background-color:#348f4a\"><strong>SAISON 2<\/strong><\/a><\/div>\n\n\n\n<div class=\"wp-block-button has-custom-font-size has-medium-font-size\"><a class=\"wp-block-button__link has-white-color has-text-color has-background has-link-color wp-element-button\" href=\"https:\/\/afpq03.ca\/?page_id=1913\" style=\"background-color:#348f4a\"><strong>SAISON 3<\/strong><\/a><\/div>\n<\/div>\n\n\n\n<div class=\"wp-block-buttons is-layout-flex wp-block-buttons-is-layout-flex\"><\/div>\n","protected":false},"excerpt":{"rendered":"<p>L&#8217;Agence des for\u00eats priv\u00e9es de Qu\u00e9bec s&#8217;est associ\u00e9e avec le webmagazine &#8220;Le go\u00fbt du territoire&#8221;, le &#8220;Syndicat des propri\u00e9taires forestiers de la r\u00e9gion de Qu\u00e9bec&#8221; ainsi que la microbrasserie &#8220;La Souche&#8221; afin de produire des web capsules autour des th\u00e8mes de la foresterie. Ces capsules vid\u00e9o portent, en autres, sur l&#8217;am\u00e9nagement forestier, le sciage artisanal, [&hellip;]<\/p>\n","protected":false},"author":3,"featured_media":0,"parent":0,"menu_order":0,"comment_status":"closed","ping_status":"closed","template":"","meta":{"jetpack_post_was_ever_published":false,"footnotes":""},"class_list":["post-1943","page","type-page","status-publish","hentry","post"],"jetpack_shortlink":"https:\/\/wp.me\/P4Oj1E-vl","jetpack_sharing_enabled":true,"_links":{"self":[{"href":"http:\/\/afpq03.ca\/index.php?rest_route=\/wp\/v2\/pages\/1943","targetHints":{"allow":["GET"]}}],"collection":[{"href":"http:\/\/afpq03.ca\/index.php?rest_route=\/wp\/v2\/pages"}],"about":[{"href":"http:\/\/afpq03.ca\/index.php?rest_route=\/wp\/v2\/types\/page"}],"author":[{"embeddable":true,"href":"http:\/\/afpq03.ca\/index.php?rest_route=\/wp\/v2\/users\/3"}],"replies":[{"embeddable":true,"href":"http:\/\/afpq03.ca\/index.php?rest_route=%2Fwp%2Fv2%2Fcomments&post=1943"}],"version-history":[{"count":6,"href":"http:\/\/afpq03.ca\/index.php?rest_route=\/wp\/v2\/pages\/1943\/revisions"}],"predecessor-version":[{"id":1955,"href":"http:\/\/afpq03.ca\/index.php?rest_route=\/wp\/v2\/pages\/1943\/revisions\/1955"}],"wp:attachment":[{"href":"http:\/\/afpq03.ca\/index.php?rest_route=%2Fwp%2Fv2%2Fmedia&parent=1943"}],"curies":[{"name":"wp","href":"https:\/\/api.w.org\/{rel}","templated":true}]}}